

{"id":184,"date":"2017-02-28T08:31:14","date_gmt":"2017-02-28T08:31:14","guid":{"rendered":"http:\/\/gradmat.ufabc.edu.br\/disciplinas\/fvv\/?page_id=184"},"modified":"2021-05-20T18:35:50","modified_gmt":"2021-05-20T18:35:50","slug":"softwares","status":"publish","type":"page","link":"https:\/\/gradmat.ufabc.edu.br\/disciplinas\/fvv\/softwares\/","title":{"rendered":"Softwares"},"content":{"rendered":"<h2>GeoGebra<\/h2>\n<p>P\u00e1gina <a href=\"http:\/\/www.geogebra.org\/\">http:\/\/www.geogebra.org\/<\/a><\/p>\n<h2>CalcPlot3D<\/h2>\n<p>Ferramenta em Java e Javascript de visualiza\u00e7\u00e3o de gr\u00e1ficos de fun\u00e7\u00f5es de duas vari\u00e1veis. Permite a visualiza\u00e7\u00e3o de v\u00e1rios conceitos de c\u00e1lculo diferencial em v\u00e1rias vari\u00e1veis (curvas de n\u00edvel, fun\u00e7\u00f5es impl\u00edcitas, derivadas parciais, plano tangente, gradiente, campos vetoriais, etc.).<\/p>\n<p>P\u00e1gina <a href=\"http:\/\/web.monroecc.edu\/calcNSF\/\">http:\/\/web.monroecc.edu\/calcNSF\/<\/a><\/p>\n<div class=\"entry-content\">\n<h2>Wolfram Alpha<\/h2>\n<p>P\u00e1gina\u00a0<a href=\"http:\/\/www.wolframalpha.com\/\">http:\/\/www.wolframalpha.com\/<\/a><\/p>\n<p>Veja os exemplos :<\/p>\n<ul>\n<li>Gr\u00e1ficos:\u00a0<a href=\"http:\/\/www.wolframalpha.com\/examples\/PlottingAndGraphics.html\">http:\/\/www.wolframalpha.com\/examples\/PlottingAndGraphics.html<\/a><\/li>\n<li>C\u00e1lculo\u00a0<a href=\"http:\/\/www.wolframalpha.com\/examples\/Calculus.html\">http:\/\/www.wolframalpha.com\/examples\/Calculus.html<\/a><\/li>\n<\/ul>\n<h2>Maxima<\/h2>\n<p>Segundo os seus criadores:<\/p>\n<blockquote><p>O Maxima \u00e9 um software para manipula\u00e7\u00e3o de express\u00f5es simb\u00f3licas e num\u00e9ricas, incluindo<strong> diferencia\u00e7\u00e3o, integra\u00e7\u00e3o<\/strong>, expans\u00e3o em series de Taylor, transformadas de Laplace, resolu\u00e7\u00e3o de equa\u00e7\u00f5es diferenciais ordin\u00e1rias, sistemas de equa\u00e7\u00f5es lineares, manipula\u00e7\u00e3o de vetores, matrizes e tensores. O M\u00e1xima tamb\u00e9m faz gr\u00e1ficos de fun\u00e7\u00f5es e dados em duas e tr\u00eas dimens\u00f5es.<\/p><\/blockquote>\n<p>De modo mais geral, o M\u00e1xima \u00e9 um exemplo de\u00a0<strong>Sistema de \u00c1lgebra Computacional<\/strong>, que abreviaremos por CAS (do ingl\u00eas \u00a0c<em>omputer algebra system<\/em>). Os CAS \u00a0s\u00e3o softwares que facilitam a realiza\u00e7\u00e3o de manipula\u00e7\u00f5es matem\u00e1ticas simb\u00f3licas como<strong> limites, derivadas e integrais.<\/strong><\/p>\n<h3>Instala\u00e7\u00e3o:<\/h3>\n<h4>Em Windows<\/h4>\n<div>Para obter o Maxima, v\u00e1 \u00e0 p\u00e1gina de download do programa\u00a0no SourceForge:<\/div>\n<div><\/div>\n<div><a href=\"http:\/\/sourceforge.net\/projects\/maxima\/files\/\">http:\/\/sourceforge.net\/projects\/maxima\/files\/<\/a><\/div>\n<div><\/div>\n<div>Na lista de arquivos, selecione \u201cMaxima-Windows\u201d, depois\u00a0selecione a vers\u00e3o mais recente dentro de Windows, e em seguida<\/div>\n<div>selecione o arquivo \u201cmaxima-?.??.exe\u201d. (Durante a escrita dessa dessa p\u00e1gina, a vers\u00e3o mais recente \u00a0do maxima \u00a0era\u00a0maxima-5.21.1.exe)<\/div>\n<div><\/div>\n<div>Execute o maxima-?.??.exe e sempre responda que sim a todas as\u00a0perguntas. Certifique-se de que pediu para adicionar um atalho para\u00a0o wxMaxima na sua \u00e1rea de trabalho.<\/div>\n<div><\/div>\n<div>Para iniciar o Maxima, clique no \u00edcone do wxMaxima.<\/div>\n<h4>Em Linux (Ubuntu ou Debian)<\/h4>\n<div>Instale o pacote \u201cwxmaxima\u201d. Ele aparecer\u00e1 no menu de aplicativos,<\/div>\n<div>em Science -&gt; Mathematics -&gt; wxMaxima<\/div>\n<h3>Tutoriais<\/h3>\n<ul>\n<li><a href=\"http:\/\/hostel.ufabc.edu.br\/%7Edaniel.miranda\/maxima\/maxcalc.pdf\">Maxima no C\u00e1lculo\u00a0<\/a>\u2013 Ulysses Sodr\u00e9, Andrielber da Silva Oliveira, S\u00f4nia Ferreira Lopes Toffoli,Giovana Alves, Isabela Belansson<\/li>\n<li>I<a href=\"http:\/\/hostel.ufabc.edu.br\/%7Edaniel.miranda\/maxima\/Maxima_Bruna_Santos_2009.pdf\">ntrodu\u00e7\u00e3o ao Software Maxima<\/a>\u00a0by Bruna Santos, Univ. of Porto.<\/li>\n<li><a href=\"http:\/\/hostel.ufabc.edu.br\/%7Edaniel.miranda\/maxima\/maxima_pt.pdf\">Manual do Maxima\u00a0<\/a>\u00a0\u2013 Traduzido por Jorge Barros de Abreu<\/li>\n<\/ul>\n<h2>Mathematica<\/h2>\n<p>Mathematica \u00e9 um programa de computador, originalmente concebido por Stephen Wolfram, e continuamente desenvolvido pela empresa Wolfram Research, que implementa um sistema de \u00e1lgebra computacional. Para al\u00e9m de uma linguagem de programa\u00e7\u00e3o, cont\u00e9m diversas bibliotecas de programa\u00e7\u00e3o prontas a serem usadas em diversos fins em v\u00e1rias \u00e1reas das ci\u00eancias exatas. (Wikipedia)<\/p>\n<p><a href=\"http:\/\/www.wolfram.com\/\">Site do Mathematica<\/a><\/p>\n<h3>Livros de \u00a0C\u00e1lculo com Mathematica<\/h3>\n<ul>\n<li><a href=\"http:\/\/gradmat.ufabc.edu.br\/disciplinas\/listas\/livros\/FaleirosAritmeticaAlgebraeCalculocomoMathematica.pdf\">Aritm\u00e9tica, \u00c1lgebra e C\u00e1lculo com o Mathematica<\/a>\u00a0Antonio Faleiros<\/li>\n<\/ul>\n<\/div>\n","protected":false},"excerpt":{"rendered":"<p>GeoGebra P\u00e1gina http:\/\/www.geogebra.org\/ CalcPlot3D Ferramenta em Java e Javascript de visualiza\u00e7\u00e3o de gr\u00e1ficos de fun\u00e7\u00f5es de duas vari\u00e1veis. Permite a visualiza\u00e7\u00e3o de v\u00e1rios&#8230;<\/p>\n","protected":false},"author":9,"featured_media":0,"parent":0,"menu_order":0,"comment_status":"closed","ping_status":"closed","template":"","meta":{"_mi_skip_tracking":false},"_links":{"self":[{"href":"https:\/\/gradmat.ufabc.edu.br\/disciplinas\/fvv\/wp-json\/wp\/v2\/pages\/184"}],"collection":[{"href":"https:\/\/gradmat.ufabc.edu.br\/disciplinas\/fvv\/wp-json\/wp\/v2\/pages"}],"about":[{"href":"https:\/\/gradmat.ufabc.edu.br\/disciplinas\/fvv\/wp-json\/wp\/v2\/types\/page"}],"author":[{"embeddable":true,"href":"https:\/\/gradmat.ufabc.edu.br\/disciplinas\/fvv\/wp-json\/wp\/v2\/users\/9"}],"replies":[{"embeddable":true,"href":"https:\/\/gradmat.ufabc.edu.br\/disciplinas\/fvv\/wp-json\/wp\/v2\/comments?post=184"}],"version-history":[{"count":3,"href":"https:\/\/gradmat.ufabc.edu.br\/disciplinas\/fvv\/wp-json\/wp\/v2\/pages\/184\/revisions"}],"predecessor-version":[{"id":310,"href":"https:\/\/gradmat.ufabc.edu.br\/disciplinas\/fvv\/wp-json\/wp\/v2\/pages\/184\/revisions\/310"}],"wp:attachment":[{"href":"https:\/\/gradmat.ufabc.edu.br\/disciplinas\/fvv\/wp-json\/wp\/v2\/media?parent=184"}],"curies":[{"name":"wp","href":"https:\/\/api.w.org\/{rel}","templated":true}]}}