

{"id":21,"date":"2013-04-13T23:25:48","date_gmt":"2013-04-13T23:25:48","guid":{"rendered":"http:\/\/gradmat.ufabc.edu.br\/disciplinas\/fvv\/?page_id=21"},"modified":"2019-02-22T18:35:48","modified_gmt":"2019-02-22T18:35:48","slug":"cronograma","status":"publish","type":"page","link":"https:\/\/gradmat.ufabc.edu.br\/disciplinas\/fvv\/cronograma\/","title":{"rendered":"Cronograma"},"content":{"rendered":"<h4>Este cronograma \u00e9 apenas sugestivo!!!! <span style=\"color: #ff0000\">Consulte o professor da sua turma para saber se ele est\u00e1 seguindo esse cronograma ou n\u00e3o.<\/span><\/h4>\n<p>Cada ponto corresponde aproximadamente a uma aula. \u00a0As refer\u00eancias a se\u00e7\u00f5es de livros-texto se baseiam nas edi\u00e7\u00f5es listadas na <a href=\"http:\/\/gradmat.ufabc.edu.br\/disciplinas\/fvv\/\" target=\"_blank\" rel=\"noopener\">bibliografia b\u00e1sica<\/a>.<\/p>\n<p>Adicionamos tamb\u00e9m links para v\u00eddeos de algumas aulas do <a href=\"https:\/\/www.youtube.com\/user\/univesptv\" target=\"_blank\" rel=\"noopener\">canal Univesp TV do YouTube<\/a> referentes a cada ponto.<\/p>\n<p><a href=\"http:\/\/gradmat.ufabc.edu.br\/disciplinas\/fvv\/wp-content\/uploads\/sites\/7\/2017\/02\/CronogramadeFVV.odt\">Cronograma de FVV<\/a>\u00a0em formato .odt (sem os links para os v\u00eddeos)<\/p>\n<p><b>1\u00aa Semana<\/b><\/p>\n<ul>\n<li>Superf\u00edcies e exemplos (Stewart: 12.5 &#8211; 12.7; Apostol I: 13.1 &#8211; 13.11, 13.15 &#8211; 13.17; Apostol II: 12.1)<\/li>\n<li>Fun\u00e7\u00f5es de Rn em R, Gr\u00e1fico, Conjunto de n\u00edvel (curva e superf\u00edcie) (Stewart: 14.1)<\/li>\n<\/ul>\n<p>V\u00eddeos &#8211; USP (C\u00e1lculo II &#8211; fun\u00e7\u00f5es de duas vari\u00e1veis a valores reais &#8211; <a href=\"https:\/\/www.youtube.com\/watch?v=Zhx0pi6EVYY&amp;list=PLxI8Can9yAHeZfF4HwiVmv4D6n3acKLER&amp;index=8\" data-rel=\"lightbox-video-0\" target=\"_blank\" rel=\"noopener\">parte 1<\/a>, <a href=\"https:\/\/www.youtube.com\/watch?v=DGGCjA94-To&amp;list=PLxI8Can9yAHeZfF4HwiVmv4D6n3acKLER&amp;index=9\" data-rel=\"lightbox-video-1\" target=\"_blank\" rel=\"noopener\">parte 2<\/a>, <a href=\"https:\/\/www.youtube.com\/watch?v=h0Cp-pwIm_U&amp;list=PLxI8Can9yAHeZfF4HwiVmv4D6n3acKLER&amp;index=10\" data-rel=\"lightbox-video-2\" target=\"_blank\" rel=\"noopener\">parte 3<\/a>; fun\u00e7\u00f5es de tr\u00eas vari\u00e1veis: superf\u00edcies de n\u00edvel &#8211; <a href=\"https:\/\/www.youtube.com\/watch?v=rf7yKfgH5Z4&amp;index=44&amp;list=PLxI8Can9yAHeZfF4HwiVmv4D6n3acKLER\" data-rel=\"lightbox-video-3\">parte 1<\/a>, <a href=\"https:\/\/www.youtube.com\/watch?v=WreSe9zYnJo&amp;index=45&amp;list=PLxI8Can9yAHeZfF4HwiVmv4D6n3acKLER\" data-rel=\"lightbox-video-4\">parte 2<\/a>, <a href=\"https:\/\/www.youtube.com\/watch?v=K8ozh59LI9E&amp;index=46&amp;list=PLxI8Can9yAHeZfF4HwiVmv4D6n3acKLER\" data-rel=\"lightbox-video-5\">parte 3<\/a>)<\/p>\n<p><b>2\u00aa Semana<\/b><\/p>\n<ul>\n<li>No\u00e7\u00f5es topol\u00f3gicas (conjunto aberto e fechado), limites (defini\u00e7\u00e3o, propriedades) (Stewart: 14.2; Apostol II: 8.2 &#8211; 8.3)<\/li>\n<li>Limites (exemplos e c\u00e1lculos I) (Stewart: 14.2; Apostol II: 8.4 &#8211; 8.5)<\/li>\n<\/ul>\n<p><b>3\u00aa Semana<\/b><\/p>\n<ul>\n<li>Limites (exemplos e c\u00e1lculos II) (Stewart: 14.2; Apostol II: 8.4 &#8211; 8.5)<\/li>\n<\/ul>\n<p>V\u00eddeos &#8211; Univesp (C\u00e1lculo II &#8211; limites e continuidade de fun\u00e7\u00f5es de v\u00e1rias vari\u00e1veis com valores reais &#8211; <a href=\"https:\/\/www.youtube.com\/watch?v=mcPWBJt08XM&amp;list=PLxI8Can9yAHdk0qoXhima23tzo4QeMwW1&amp;index=4\" data-rel=\"lightbox-video-6\">aula 4<\/a>, <a href=\"https:\/\/www.youtube.com\/watch?v=m3DYHcwn9-4&amp;list=PLxI8Can9yAHdk0qoXhima23tzo4QeMwW1&amp;index=5\" data-rel=\"lightbox-video-7\">aula 5<\/a>), USP (C\u00e1lculo II &#8211; continuidade e c\u00e1lculo de limites de fun\u00e7\u00f5es de duas vari\u00e1veis &#8211; <a href=\"https:\/\/www.youtube.com\/watch?v=y3tHEp--YOA&amp;list=PLxI8Can9yAHeZfF4HwiVmv4D6n3acKLER&amp;index=11\" data-rel=\"lightbox-video-8\" target=\"_blank\" rel=\"noopener\">parte 1-1<\/a>, <a href=\"https:\/\/www.youtube.com\/watch?v=-bhggVDsl2g&amp;list=PLxI8Can9yAHeZfF4HwiVmv4D6n3acKLER&amp;index=12\" data-rel=\"lightbox-video-9\">parte 1-2<\/a>, <a href=\"https:\/\/www.youtube.com\/watch?v=Wn1BM3gDIdE&amp;list=PLxI8Can9yAHeZfF4HwiVmv4D6n3acKLER&amp;index=13\" data-rel=\"lightbox-video-10\">parte 1-3<\/a>, <a href=\"https:\/\/www.youtube.com\/watch?v=8CPS8DjxvZY&amp;list=PLxI8Can9yAHeZfF4HwiVmv4D6n3acKLER&amp;index=14\" data-rel=\"lightbox-video-11\">parte 2-1<\/a>, <a href=\"https:\/\/www.youtube.com\/watch?v=P0XdmntNkak&amp;list=PLxI8Can9yAHeZfF4HwiVmv4D6n3acKLER&amp;index=15\" data-rel=\"lightbox-video-12\">parte 2-2<\/a>, <a href=\"https:\/\/www.youtube.com\/watch?v=nkXJq1uS0xc&amp;list=PLxI8Can9yAHeZfF4HwiVmv4D6n3acKLER&amp;index=16\" data-rel=\"lightbox-video-13\">parte 2-3<\/a>)<\/p>\n<ul>\n<li>Derivadas parciais (defini\u00e7\u00e3o) e de ordem superior (Stewart: 14.3; Apostol II: 8.6 &#8211; 8.10)<\/li>\n<\/ul>\n<p>V\u00eddeos &#8211; Univesp (C\u00e1lculo II &#8211; derivadas parciais de fun\u00e7\u00f5es de v\u00e1rias vari\u00e1veis com valores reais &#8211; <a href=\"https:\/\/www.youtube.com\/watch?v=6_A6VNV-GiA&amp;list=PLxI8Can9yAHdk0qoXhima23tzo4QeMwW1&amp;index=6\" data-rel=\"lightbox-video-14\">aula 6<\/a>), USP (C\u00e1lculo II &#8211; derivadas parciais &#8211; <a href=\"https:\/\/www.youtube.com\/watch?v=J_3v4ecm8Dg&amp;list=PLxI8Can9yAHeZfF4HwiVmv4D6n3acKLER&amp;index=22\" data-rel=\"lightbox-video-15\">parte 1<\/a>, <a href=\"https:\/\/www.youtube.com\/watch?v=RB817qsQR8E&amp;list=PLxI8Can9yAHeZfF4HwiVmv4D6n3acKLER&amp;index=23\" data-rel=\"lightbox-video-16\">parte 2<\/a>, <a href=\"https:\/\/www.youtube.com\/watch?v=q38OP08yZrg&amp;list=PLxI8Can9yAHeZfF4HwiVmv4D6n3acKLER&amp;index=24\" data-rel=\"lightbox-video-17\">parte 3<\/a>; derivadas parciais de ordem superior &#8211; <a href=\"https:\/\/www.youtube.com\/watch?v=6W1DtZb6dCk&amp;index=33&amp;list=PLxI8Can9yAHeZfF4HwiVmv4D6n3acKLER\" data-rel=\"lightbox-video-18\">parte 1<\/a>, <a href=\"https:\/\/www.youtube.com\/watch?v=4ZZBEZs2mFo&amp;index=34&amp;list=PLxI8Can9yAHeZfF4HwiVmv4D6n3acKLER\" data-rel=\"lightbox-video-19\">parte 2<\/a>, <a href=\"https:\/\/www.youtube.com\/watch?v=yX0E43OJs-M&amp;index=35&amp;list=PLxI8Can9yAHeZfF4HwiVmv4D6n3acKLER\" data-rel=\"lightbox-video-20\">parte 3<\/a>)<\/p>\n<p><b>4\u00aa Semana<\/b><\/p>\n<ul>\n<li>Aproxima\u00e7\u00e3o linear, diferenciabilidade (Stewart: 14.4; Apostol II: 8.11, 8.13)<\/li>\n<\/ul>\n<p>V\u00eddeos &#8211; Univesp (C\u00e1lculo II &#8211; plano tangente e aproxima\u00e7\u00e3o linear &#8211; <a href=\"https:\/\/www.youtube.com\/watch?v=RRdNroVGdGU&amp;list=PLxI8Can9yAHdk0qoXhima23tzo4QeMwW1&amp;index=7\" data-rel=\"lightbox-video-21\">aula 7<\/a>), USP (C\u00e1lculo II &#8211; diferenciabilidade de fun\u00e7\u00f5es de duas vari\u00e1veis &#8211; <a href=\"https:\/\/www.youtube.com\/watch?v=ZYgEtOYWoVY&amp;index=25&amp;list=PLxI8Can9yAHeZfF4HwiVmv4D6n3acKLER\" data-rel=\"lightbox-video-22\">parte 1<\/a>, <a href=\"https:\/\/www.youtube.com\/watch?v=7iUQ7q1Fu3o&amp;index=26&amp;list=PLxI8Can9yAHeZfF4HwiVmv4D6n3acKLER\" data-rel=\"lightbox-video-23\">parte 2<\/a>, <a href=\"https:\/\/www.youtube.com\/watch?v=frVjtEXG8DA&amp;index=27&amp;list=PLxI8Can9yAHeZfF4HwiVmv4D6n3acKLER\" data-rel=\"lightbox-video-24\">parte 3<\/a>; condi\u00e7\u00f5es suficiente para que uma fun\u00e7\u00e3o de duas vari\u00e1veis seja diferenci\u00e1vel &#8211; <a href=\"https:\/\/www.youtube.com\/watch?v=-3oPKOgb9mY&amp;t=9s&amp;index=28&amp;list=PLxI8Can9yAHeZfF4HwiVmv4D6n3acKLER\" data-rel=\"lightbox-video-25\">parte 1<\/a>, <a href=\"https:\/\/www.youtube.com\/watch?v=CiVUOfLKZ3I&amp;index=29&amp;list=PLxI8Can9yAHeZfF4HwiVmv4D6n3acKLER\" data-rel=\"lightbox-video-26\">parte 2<\/a>)<\/p>\n<p><b>5\u00aa Semana<\/b><\/p>\n<ul>\n<li>Regra da cadeia (Stewart: 14.5; Apostol II: 8.15)<\/li>\n<\/ul>\n<p>V\u00eddeos &#8211; Univesp (C\u00e1lculo II &#8211; regra da cadeia &#8211; <a href=\"https:\/\/www.youtube.com\/watch?v=qILe9VGy0Fw&amp;list=PLxI8Can9yAHdk0qoXhima23tzo4QeMwW1&amp;index=8\" data-rel=\"lightbox-video-27\">aula 8<\/a>), USP (C\u00e1lculo II &#8211; regra da cadeia &#8211; <a href=\"https:\/\/www.youtube.com\/watch?v=7BrraT4pJKM&amp;index=30&amp;list=PLxI8Can9yAHeZfF4HwiVmv4D6n3acKLER\" data-rel=\"lightbox-video-28\">parte 1<\/a>, <a href=\"https:\/\/www.youtube.com\/watch?v=LpXzOTZ-A-I&amp;index=31&amp;list=PLxI8Can9yAHeZfF4HwiVmv4D6n3acKLER\" data-rel=\"lightbox-video-29\">parte 2<\/a>, <a href=\"https:\/\/www.youtube.com\/watch?v=JK6qvJxVThg&amp;index=32&amp;list=PLxI8Can9yAHeZfF4HwiVmv4D6n3acKLER\" data-rel=\"lightbox-video-30\">parte 3<\/a>)<\/p>\n<ul>\n<li>Derivadas direcionais e Gradiente (Stewart: 14.6 Apostol II: 8.12)<\/li>\n<\/ul>\n<p>V\u00eddeos &#8211; Univesp (C\u00e1lculo II &#8211; derivada direcionada e vetor gradiente &#8211; <a href=\"https:\/\/www.youtube.com\/watch?v=WxDPItNIxdE&amp;list=PLxI8Can9yAHdk0qoXhima23tzo4QeMwW1&amp;index=9\" data-rel=\"lightbox-video-31\">aula 9<\/a>), USP (C\u00e1lculo II &#8211; vetor gradiente e derivada direcional de uma fun\u00e7\u00e3o de duas vari\u00e1veis &#8211; <a href=\"https:\/\/www.youtube.com\/watch?v=u1HpK8fXRcw&amp;index=36&amp;list=PLxI8Can9yAHeZfF4HwiVmv4D6n3acKLER\" data-rel=\"lightbox-video-32\">parte 1<\/a>, <a href=\"https:\/\/www.youtube.com\/watch?v=PtrcaZapGBI&amp;index=37&amp;list=PLxI8Can9yAHeZfF4HwiVmv4D6n3acKLER\" data-rel=\"lightbox-video-33\">parte 2<\/a>, <a href=\"https:\/\/www.youtube.com\/watch?v=rmTs85P0vDM&amp;index=38&amp;list=PLxI8Can9yAHeZfF4HwiVmv4D6n3acKLER\" data-rel=\"lightbox-video-34\">parte 3<\/a>; fun\u00e7\u00f5es de tr\u00eas vari\u00e1veis: superf\u00edcies de n\u00edvel e vetor gradiente &#8211; <a href=\"https:\/\/www.youtube.com\/watch?v=4JluMIlwFQw&amp;t=8s&amp;index=47&amp;list=PLxI8Can9yAHeZfF4HwiVmv4D6n3acKLER\" data-rel=\"lightbox-video-35\">parte 1<\/a>, <a href=\"https:\/\/www.youtube.com\/watch?v=IhJjwDpSZoM&amp;index=48&amp;list=PLxI8Can9yAHeZfF4HwiVmv4D6n3acKLER\" data-rel=\"lightbox-video-36\">parte 2<\/a>, <a href=\"https:\/\/www.youtube.com\/watch?v=CgxE2HDriUg&amp;index=49&amp;list=PLxI8Can9yAHeZfF4HwiVmv4D6n3acKLER\" data-rel=\"lightbox-video-37\">parte 3<\/a>)<\/p>\n<p><b>6\u00aa Semana<\/b><\/p>\n<ul>\n<li><b>Aula de Exerc\u00edcios<\/b><\/li>\n<li><span style=\"color: #ff0000\"><b>Prova<\/b><\/span><\/li>\n<\/ul>\n<p><b>7\u00aa Semana<\/b><\/p>\n<ul>\n<li>F\u00f3rmula de Taylor (Guidorizzi: 15.4 e 15.5)<\/li>\n<li>M\u00e1ximos e m\u00ednimos (em abertos e compactos) (Stewart: 14.7)<\/li>\n<\/ul>\n<p>V\u00eddeos &#8211; Univesp (C\u00e1lculo II &#8211; m\u00e1ximos e m\u00ednimos de fun\u00e7\u00f5es reais de v\u00e1rias vari\u00e1veis reais &#8211; <a href=\"https:\/\/www.youtube.com\/watch?v=wZsR9L9Enkg&amp;list=PLxI8Can9yAHdk0qoXhima23tzo4QeMwW1&amp;index=10\" data-rel=\"lightbox-video-38\">aula 10<\/a>), USP (C\u00e1lculo II &#8211; m\u00e1ximos e m\u00ednimos de fun\u00e7\u00f5es de duas vari\u00e1veis definidas &#8211; <a href=\"https:\/\/www.youtube.com\/watch?v=A87PUnK5Ico&amp;index=50&amp;list=PLxI8Can9yAHeZfF4HwiVmv4D6n3acKLER\" data-rel=\"lightbox-video-39\">parte 1-1<\/a>, <a href=\"https:\/\/www.youtube.com\/watch?v=Bad6_Gg02vw&amp;index=51&amp;list=PLxI8Can9yAHeZfF4HwiVmv4D6n3acKLER\" data-rel=\"lightbox-video-40\">parte 1-2<\/a>, <a href=\"https:\/\/www.youtube.com\/watch?v=XRnAF5pFSaw&amp;index=52&amp;list=PLxI8Can9yAHeZfF4HwiVmv4D6n3acKLER\" data-rel=\"lightbox-video-41\">parte 1-3<\/a>; <a href=\"https:\/\/www.youtube.com\/watch?v=VZRDoKN6VHw&amp;t=8s&amp;index=62&amp;list=PLxI8Can9yAHeZfF4HwiVmv4D6n3acKLER\" data-rel=\"lightbox-video-42\">parte 2-1<\/a>, <a href=\"https:\/\/www.youtube.com\/watch?v=-Ou-oByma_Q&amp;index=63&amp;list=PLxI8Can9yAHeZfF4HwiVmv4D6n3acKLER\" data-rel=\"lightbox-video-43\">parte 2-2<\/a>, <a href=\"https:\/\/www.youtube.com\/watch?v=rHMvnngl06Q&amp;index=64&amp;list=PLxI8Can9yAHeZfF4HwiVmv4D6n3acKLER\" data-rel=\"lightbox-video-44\">parte 2-3<\/a>)<\/p>\n<p><b>8\u00aa semana<\/b><\/p>\n<ul>\n<li>M\u00e1ximos e m\u00ednimos (multiplicadores de Lagrange) (Stewart: 14.8)<\/li>\n<\/ul>\n<p>V\u00eddeos &#8211; Univesp (C\u00e1lculo II &#8211; multiplicadores de Lagrange &#8211; <a href=\"https:\/\/www.youtube.com\/watch?v=RuJHsfYPIg4&amp;list=PLxI8Can9yAHdk0qoXhima23tzo4QeMwW1&amp;index=11\" data-rel=\"lightbox-video-45\">aula 11<\/a>), USP (C\u00e1lculo II &#8211; m\u00e1ximos e m\u00ednimos. Multiplicadores de Lagrange &#8211; <a href=\"https:\/\/www.youtube.com\/watch?v=-sZCbCYKv0w&amp;index=53&amp;list=PLxI8Can9yAHeZfF4HwiVmv4D6n3acKLER\" data-rel=\"lightbox-video-46\">parte 1<\/a>, <a href=\"https:\/\/www.youtube.com\/watch?v=mtfIFkbzE54&amp;index=54&amp;list=PLxI8Can9yAHeZfF4HwiVmv4D6n3acKLER\" data-rel=\"lightbox-video-47\">parte 2<\/a>, <a href=\"https:\/\/www.youtube.com\/watch?v=fjaBtV86sE4&amp;index=55&amp;list=PLxI8Can9yAHeZfF4HwiVmv4D6n3acKLER\" data-rel=\"lightbox-video-48\">parte 3<\/a>; m\u00e9todo dos multiplicadores de Lagrange para 2 e 3 vari\u00e1veis &#8211; <a href=\"https:\/\/www.youtube.com\/watch?v=_qSZx8V-rMw&amp;index=56&amp;list=PLxI8Can9yAHeZfF4HwiVmv4D6n3acKLER\" data-rel=\"lightbox-video-49\">parte 1<\/a>, <a href=\"https:\/\/www.youtube.com\/watch?v=BSbHnYT6u6I&amp;index=57&amp;list=PLxI8Can9yAHeZfF4HwiVmv4D6n3acKLER\" data-rel=\"lightbox-video-50\">parte 2<\/a>, <a href=\"https:\/\/www.youtube.com\/watch?v=QJ6oAnQWkZs&amp;index=58&amp;list=PLxI8Can9yAHeZfF4HwiVmv4D6n3acKLER\" data-rel=\"lightbox-video-51\">parte 3<\/a>; m\u00e9todo dos multiplicadores de Lagrange com duas restri\u00e7\u00f5es &#8211; <a href=\"https:\/\/www.youtube.com\/watch?v=uJk27a4W12M&amp;index=59&amp;list=PLxI8Can9yAHeZfF4HwiVmv4D6n3acKLER\" data-rel=\"lightbox-video-52\">parte 1<\/a>, <a href=\"https:\/\/www.youtube.com\/watch?v=PKGOvJbcxrA&amp;index=60&amp;list=PLxI8Can9yAHeZfF4HwiVmv4D6n3acKLER\" data-rel=\"lightbox-video-53\">parte 2<\/a>, <a href=\"https:\/\/www.youtube.com\/watch?v=3OtscRBC5rQ&amp;index=61&amp;list=PLxI8Can9yAHeZfF4HwiVmv4D6n3acKLER\" data-rel=\"lightbox-video-54\">parte 3<\/a>)<\/p>\n<ul>\n<li>Integral dupla (defini\u00e7\u00e3o e propriedades, integrais iteradas) (Stewart: 15.1 e 15.2)<\/li>\n<\/ul>\n<p>V\u00eddeos &#8211; Univesp (C\u00e1lculo II &#8211; integrais duplas sobre ret\u00e2ngulos &#8211; <a href=\"https:\/\/www.youtube.com\/watch?v=72EPlBkWs1s&amp;list=PLxI8Can9yAHdk0qoXhima23tzo4QeMwW1&amp;index=12\" data-rel=\"lightbox-video-55\">aula 12<\/a>; integrais iteradas e o teorema de Fubini &#8211; <a href=\"https:\/\/www.youtube.com\/watch?v=y7meUg_p_WY&amp;list=PLxI8Can9yAHdk0qoXhima23tzo4QeMwW1&amp;index=13\" data-rel=\"lightbox-video-56\">aula 13<\/a>), USP (C\u00e1lculo III &#8211; integrais duplas. Introdu\u00e7\u00e3o &#8211; <a href=\"https:\/\/www.youtube.com\/watch?v=46s8yOufmO0&amp;t=9s&amp;list=PLxI8Can9yAHdSstaijzbnJp405wWmRLnD&amp;index=1\" data-rel=\"lightbox-video-57\">parte 1<\/a>, <a href=\"https:\/\/www.youtube.com\/watch?v=cVt7PLjAzLQ&amp;t=9s&amp;list=PLxI8Can9yAHdSstaijzbnJp405wWmRLnD&amp;index=2\" data-rel=\"lightbox-video-58\">parte 2<\/a>, <a href=\"https:\/\/www.youtube.com\/watch?v=ej33VHu868o&amp;list=PLxI8Can9yAHdSstaijzbnJp405wWmRLnD&amp;index=3\" data-rel=\"lightbox-video-59\">parte 3<\/a>; teorema de Fubini &#8211; <a href=\"https:\/\/www.youtube.com\/watch?v=I7MW9ViNCIY&amp;list=PLxI8Can9yAHdSstaijzbnJp405wWmRLnD&amp;index=4\" data-rel=\"lightbox-video-60\">parte 1<\/a>, <a href=\"https:\/\/www.youtube.com\/watch?v=TUWlZdDvoOA&amp;list=PLxI8Can9yAHdSstaijzbnJp405wWmRLnD&amp;index=5\" data-rel=\"lightbox-video-61\">parte 2<\/a>, <a href=\"https:\/\/www.youtube.com\/watch?v=HW6FJVoiE4E&amp;list=PLxI8Can9yAHdSstaijzbnJp405wWmRLnD&amp;index=6\" data-rel=\"lightbox-video-62\">parte 3<\/a>; integrais iteradas &#8211; <a href=\"https:\/\/www.youtube.com\/watch?v=J9RRncEnBC8&amp;list=PLxI8Can9yAHdSstaijzbnJp405wWmRLnD&amp;index=7\" data-rel=\"lightbox-video-63\">parte 1<\/a>, <a href=\"https:\/\/www.youtube.com\/watch?v=tpnGelGw54s&amp;list=PLxI8Can9yAHdSstaijzbnJp405wWmRLnD&amp;index=8\" data-rel=\"lightbox-video-64\">parte 2<\/a>, <a href=\"https:\/\/www.youtube.com\/watch?v=zPERJ2XwpjY&amp;list=PLxI8Can9yAHdSstaijzbnJp405wWmRLnD&amp;index=9\" data-rel=\"lightbox-video-65\">parte 3<\/a>, <a href=\"https:\/\/www.youtube.com\/watch?v=iwdTyA1EY9M&amp;list=PLxI8Can9yAHdSstaijzbnJp405wWmRLnD&amp;index=10\" data-rel=\"lightbox-video-66\">parte 4<\/a>)<\/p>\n<p><b>9\u00aa Semana<\/b><\/p>\n<ul>\n<li>Integral dupla (integrais sobre regi\u00f5es gen\u00e9ricas) (Stewart: 15.3)<\/li>\n<\/ul>\n<p>V\u00eddeos &#8211; Univesp (C\u00e1lculo II &#8211; integrais duplas sobre regi\u00f5es gen\u00e9ricas &#8211; <a href=\"https:\/\/www.youtube.com\/watch?v=-U6sepMMWZw&amp;list=PLxI8Can9yAHdk0qoXhima23tzo4QeMwW1&amp;index=14\" data-rel=\"lightbox-video-67\">aula 14<\/a>)<\/p>\n<ul>\n<li>Integral dupla (mudan\u00e7a de vari\u00e1vel &#8211; coordenadas polares) (Stewart: 15.4)<\/li>\n<\/ul>\n<p>V\u00eddeos &#8211; Univesp (C\u00e1lculo II &#8211; integrais duplas no sistema de coordenadas polares &#8211; <a href=\"https:\/\/www.youtube.com\/watch?v=pinYTq14afw&amp;list=PLxI8Can9yAHdk0qoXhima23tzo4QeMwW1&amp;index=15\" data-rel=\"lightbox-video-68\">aula 15<\/a>)<\/p>\n<p><b>10\u00aa Semana<\/b><\/p>\n<ul>\n<li>Integral dupla (aplica\u00e7\u00f5es &#8211; \u00e1rea de regi\u00f5es planas, volume de s\u00f3lidos e \u00e1rea de superf\u00edcies que s\u00e3o gr\u00e1ficos de fun\u00e7\u00f5es) (Stewart: 15.5 e 15.6)<\/li>\n<\/ul>\n<p>V\u00eddeos &#8211; Univesp (C\u00e1lculo II &#8211; aplica\u00e7\u00f5es de integrais duplas &#8211; <a href=\"https:\/\/www.youtube.com\/watch?v=MEkKuM0ZsVA&amp;list=PLxI8Can9yAHdk0qoXhima23tzo4QeMwW1&amp;index=16\" data-rel=\"lightbox-video-69\">aula 16<\/a>)<\/p>\n<ul>\n<li>Integral tripla (defini\u00e7\u00e3o e propriedades) (Stewart: 15.7)<\/li>\n<\/ul>\n<p>V\u00eddeos &#8211; Univesp (C\u00e1lculo II &#8211; integrais triplas &#8211; <a href=\"https:\/\/www.youtube.com\/watch?v=NDUD3a0T1dg&amp;list=PLxI8Can9yAHdk0qoXhima23tzo4QeMwW1&amp;index=17\" data-rel=\"lightbox-video-70\">aula 17<\/a>), USP (C\u00e1lculo III &#8211; integrais triplas &#8211; <a href=\"https:\/\/www.youtube.com\/watch?v=AHibqQhnsUg&amp;list=PLxI8Can9yAHdSstaijzbnJp405wWmRLnD&amp;index=18\" data-rel=\"lightbox-video-71\">parte 1<\/a>, <a href=\"https:\/\/www.youtube.com\/watch?v=rOy9OGw344s&amp;list=PLxI8Can9yAHdSstaijzbnJp405wWmRLnD&amp;index=19\" data-rel=\"lightbox-video-72\">parte 2<\/a>, <a href=\"https:\/\/www.youtube.com\/watch?v=D_g2DAGa_cQ&amp;list=PLxI8Can9yAHdSstaijzbnJp405wWmRLnD&amp;index=20\" data-rel=\"lightbox-video-73\">parte 3<\/a>)<\/p>\n<p><b>11\u00aa Semana<\/b><\/p>\n<ul>\n<li>Integral tripla (coordenadas cil\u00edndricas e esf\u00e9ricas) (Stewart: 15.8)<\/li>\n<\/ul>\n<p>V\u00eddeos -Univesp (C\u00e1lculo II &#8211; integrais triplas em coordenadas cil\u00edndricas e esf\u00e9ricas &#8211; <a href=\"https:\/\/www.youtube.com\/watch?v=gmqsGla37z0&amp;list=PLxI8Can9yAHdk0qoXhima23tzo4QeMwW1&amp;index=18\" data-rel=\"lightbox-video-74\">aula 18<\/a>)<\/p>\n<ul>\n<li>Mudan\u00e7a de vari\u00e1veis em integrais m\u00faltiplas (Stewart: 15.9) (Obs.: o docente pode optar por introduzir a f\u00f3rmula geral de mudan\u00e7a de vari\u00e1veis mais cedo e tratar coordenadas polares, cil\u00edndricas e\/ou esf\u00e9ricas como casos particulares, se assim desejar)<\/li>\n<\/ul>\n<p>V\u00eddeos &#8211; Univesp (C\u00e1lculo II &#8211; mudan\u00e7a de vari\u00e1veis em integrais m\u00faltiplas &#8211; <a href=\"https:\/\/www.youtube.com\/watch?v=kbLDuhvGmzk&amp;list=PLxI8Can9yAHdk0qoXhima23tzo4QeMwW1&amp;index=19\" data-rel=\"lightbox-video-75\">aula 19<\/a>), USP (C\u00e1lculo III &#8211; mudan\u00e7a de vari\u00e1veis na integral dupla &#8211; <a href=\"https:\/\/www.youtube.com\/watch?v=Ibz7WNXPRfI&amp;index=11&amp;list=PLxI8Can9yAHdSstaijzbnJp405wWmRLnD&amp;t=8s\" data-rel=\"lightbox-video-76\">parte 1<\/a>, <a href=\"https:\/\/www.youtube.com\/watch?v=CR7YwcP5-_8&amp;index=12&amp;list=PLxI8Can9yAHdSstaijzbnJp405wWmRLnD&amp;t=8s\" data-rel=\"lightbox-video-77\">parte 2<\/a>, <a href=\"https:\/\/www.youtube.com\/watch?v=L4_MgY4ZH9s&amp;index=13&amp;list=PLxI8Can9yAHdSstaijzbnJp405wWmRLnD&amp;t=8s\" data-rel=\"lightbox-video-78\">parte 3<\/a>, <a href=\"https:\/\/www.youtube.com\/watch?v=kmZ1nvppApY&amp;index=14&amp;list=PLxI8Can9yAHdSstaijzbnJp405wWmRLnD&amp;t=8s\" data-rel=\"lightbox-video-79\">parte 4<\/a>, <a href=\"https:\/\/www.youtube.com\/watch?v=i6fZFsTzKLc&amp;index=15&amp;list=PLxI8Can9yAHdSstaijzbnJp405wWmRLnD&amp;t=9s\" data-rel=\"lightbox-video-80\">parte 5<\/a>, <a href=\"https:\/\/www.youtube.com\/watch?v=WMq1KSeQslk&amp;index=16&amp;list=PLxI8Can9yAHdSstaijzbnJp405wWmRLnD&amp;t=8s\" data-rel=\"lightbox-video-81\">parte 6<\/a>, <a href=\"https:\/\/www.youtube.com\/watch?v=LzfYnGGj2y4&amp;index=17&amp;list=PLxI8Can9yAHdSstaijzbnJp405wWmRLnD&amp;t=8s\" data-rel=\"lightbox-video-82\">parte 7<\/a>; mudan\u00e7a de vari\u00e1veis na integral tripla &#8211; <a href=\"https:\/\/www.youtube.com\/watch?v=A3hrMS8s57U&amp;index=21&amp;list=PLxI8Can9yAHdSstaijzbnJp405wWmRLnD&amp;t=10s\" data-rel=\"lightbox-video-83\">parte 1<\/a>, <a href=\"https:\/\/www.youtube.com\/watch?v=YbdKShdu0rA&amp;index=22&amp;list=PLxI8Can9yAHdSstaijzbnJp405wWmRLnD&amp;t=8s\" data-rel=\"lightbox-video-84\">parte 2<\/a>, <a href=\"https:\/\/www.youtube.com\/watch?v=JVmscF22Xqs&amp;index=23&amp;list=PLxI8Can9yAHdSstaijzbnJp405wWmRLnD&amp;t=8s\" data-rel=\"lightbox-video-85\">parte 3<\/a>, <a href=\"https:\/\/www.youtube.com\/watch?v=Mp2PXLvmQGo&amp;index=24&amp;list=PLxI8Can9yAHdSstaijzbnJp405wWmRLnD\" data-rel=\"lightbox-video-86\">parte 4<\/a>, <a href=\"https:\/\/www.youtube.com\/watch?v=tqE438pOgyc&amp;index=25&amp;list=PLxI8Can9yAHdSstaijzbnJp405wWmRLnD\" data-rel=\"lightbox-video-87\">parte 5<\/a>)<\/p>\n<p><b>12\u00aa Semana <\/b><\/p>\n<ul>\n<li><strong>Aula de Exercic\u00edos<\/strong><\/li>\n<li><strong><span style=\"color: #ff0000\">Prova<\/span><\/strong><\/li>\n<\/ul>\n<p dir=\"ltr\">\n","protected":false},"excerpt":{"rendered":"<p>Este cronograma \u00e9 apenas sugestivo!!!! Consulte o professor da sua turma para saber se ele est\u00e1 seguindo esse cronograma ou n\u00e3o. Cada ponto&#8230;<\/p>\n","protected":false},"author":1,"featured_media":0,"parent":0,"menu_order":0,"comment_status":"open","ping_status":"open","template":"","meta":{"_mi_skip_tracking":false},"_links":{"self":[{"href":"https:\/\/gradmat.ufabc.edu.br\/disciplinas\/fvv\/wp-json\/wp\/v2\/pages\/21"}],"collection":[{"href":"https:\/\/gradmat.ufabc.edu.br\/disciplinas\/fvv\/wp-json\/wp\/v2\/pages"}],"about":[{"href":"https:\/\/gradmat.ufabc.edu.br\/disciplinas\/fvv\/wp-json\/wp\/v2\/types\/page"}],"author":[{"embeddable":true,"href":"https:\/\/gradmat.ufabc.edu.br\/disciplinas\/fvv\/wp-json\/wp\/v2\/users\/1"}],"replies":[{"embeddable":true,"href":"https:\/\/gradmat.ufabc.edu.br\/disciplinas\/fvv\/wp-json\/wp\/v2\/comments?post=21"}],"version-history":[{"count":19,"href":"https:\/\/gradmat.ufabc.edu.br\/disciplinas\/fvv\/wp-json\/wp\/v2\/pages\/21\/revisions"}],"predecessor-version":[{"id":268,"href":"https:\/\/gradmat.ufabc.edu.br\/disciplinas\/fvv\/wp-json\/wp\/v2\/pages\/21\/revisions\/268"}],"wp:attachment":[{"href":"https:\/\/gradmat.ufabc.edu.br\/disciplinas\/fvv\/wp-json\/wp\/v2\/media?parent=21"}],"curies":[{"name":"wp","href":"https:\/\/api.w.org\/{rel}","templated":true}]}}