

{"id":16,"date":"2013-01-19T01:19:18","date_gmt":"2013-01-19T01:19:18","guid":{"rendered":"http:\/\/gradmat.ufabc.edu.br\/disciplinas\/ipe\/?page_id=16"},"modified":"2019-06-04T16:11:15","modified_gmt":"2019-06-04T16:11:15","slug":"cronograma","status":"publish","type":"page","link":"https:\/\/gradmat.ufabc.edu.br\/disciplinas\/ipe\/curso-unificado\/cronograma\/","title":{"rendered":"Cronograma"},"content":{"rendered":"<h1>CRONOGRAMA SUGERIDO<\/h1>\n<p><span style=\"color: #ff0000\">Consulte o professor da sua turma para saber se ele adotar\u00e1 ou n\u00e3o esse cronograma.<\/span><\/p>\n<p>Semana 1<\/p>\n<p>Aula 1 \u2013 22\/09<br \/>\nPrinc\u00edpio aditivo e multiplicativo. Permuta\u00e7\u00f5es e arranjos.<br \/>\nCoeficientes Multinomiais.<br \/>\nROSS: Cap. 1 (1.1 \u00e0 1.3)<\/p>\n<p>Semana 2<\/p>\n<p>Aula 1 \u2013 26\/09<br \/>\nTeorema Binomial.<br \/>\nSolu\u00e7\u00f5es Inteiras de Equa\u00e7\u00f5es.<br \/>\nROSS: Cap. 1 (1.4 \u00e0 1.6)<\/p>\n<p>Aula 2 \u2013 29\/09<br \/>\nExperimentos aleat\u00f3rios. Espa\u00e7o de probabilidade: defini\u00e7\u00e3o de espa\u00e7o amostral e de probabilidade. Propriedades de uma probabilidade.<br \/>\nROSS: Cap\u00edtulo 2- Se\u00e7\u00f5es 2.1-2.3<\/p>\n<p>Semana 3<\/p>\n<p>Aula 1 \u2013 6\/10<br \/>\nCombinat\u00f3ria e Probabilidade: Propriedades das Probabilidades, Espa\u00e7os Amostrais com resultados Equiprov\u00e1veis. Jogos de azar e problemas de urna.<br \/>\nROSS: Cap\u00edtulo 2- Se\u00e7\u00f5es 2.4-2.5<\/p>\n<p>Semana 4<\/p>\n<p>Aula 1 \u2013 10\/10<br \/>\nProbabilidade Condicional: Teorema da multiplica\u00e7\u00e3o e da Probabilidade Total.<br \/>\nROSS: Cap\u00edtulo 3 3.1-3.2<\/p>\n<p>Semana 5<\/p>\n<p>Aula 1 \u2013 20\/10<br \/>\nTeorema de Bayes e suas consequ\u00eancias. Independ\u00eancia.<br \/>\nROSS: Cap\u00edtulo 3 3-3-3.4<\/p>\n<p>Semana 6<\/p>\n<p>Aula 1 \u2013 24\/10<br \/>\nVari\u00e1veis aleat\u00f3rias discretas.<br \/>\nROSS: Capitulo 4 \u2013 Se\u00e7\u00f5es 4.1-4.5<\/p>\n<p>Aula 2 \u2013 27\/07<br \/>\nModelos de distribui\u00e7\u00f5es discretas: Bernoulli, Binomial, Poisson e Geom\u00e9trica.<br \/>\nROSS: Capitulo 4- Se\u00e7\u00f5es 4.6-4.7, 4.8.1<\/p>\n<p>Semana 7<\/p>\n<p>Feriado<\/p>\n<p>Semana 8<\/p>\n<p>Aula 1 \u2013 7\/11<br \/>\nPrimeira Prova \u2013 Conte\u00fado at\u00e9 semana 5<\/p>\n<p>Aula 2 \u2013 10\/11<br \/>\nVari\u00e1veis aleat\u00f3rias continuas. Fun\u00e7\u00e3o de densidade. Modelos de distribui\u00e7\u00f5es cont\u00ednuas: Uniforme, Exponencial e Normal.<\/p>\n<p>Semana 9<\/p>\n<p>Aula 1 \u2013 17\/11<br \/>\nDistribui\u00e7\u00e3o de uma fun\u00e7\u00e3o de uma vari\u00e1vel aleat\u00f3ria: Expositivo e exemplos. Esperan\u00e7a e Vari\u00e2ncia.<br \/>\nROSS: Cap\u00edtulo 5- Se\u00e7\u00f5es 5.1 \u2013 5.5, 5.7<\/p>\n<p>Semana 10<\/p>\n<p>Aula 1 \u2013 21\/11<br \/>\nFun\u00e7\u00e3o de distribui\u00e7\u00e3o conjunta. Independ\u00eancia de vari\u00e1veis aleat\u00f3rias.<br \/>\nROSS: Cap\u00edtulo 6- Se\u00e7\u00f5es 6.1,6.2, 6.3<\/p>\n<p>Aula 2 \u2013 24\/11<br \/>\nEstat\u00edstica Descritiva: Medidas descritivas para distribui\u00e7\u00f5es de frequ\u00eancias: Medidas de posi\u00e7\u00e3o. Medidas de dispers\u00e3o.<br \/>\nLARSON \u2013 FARBER: Cap\u00edtulo 2- Se\u00e7\u00e3o:2.4-2.5<\/p>\n<p>Semana 11<\/p>\n<p>Aula 1 \u2013 1\/12<br \/>\nTeorema Central do Limite. Aproxima\u00e7\u00e3o Normal \u00e0 Binomial. Consequ\u00eancias pr\u00e1ticas do Teorema Central do Limite: Intervalos de confian\u00e7a.<br \/>\nROSS: Cap\u00edtulo 8: Se\u00e7\u00f5es 8.3 Apresenta\u00e7\u00e3o dos resultados. Car\u00e1ter expositivo e exemplos.<\/p>\n<p>Semana 12<\/p>\n<p>Aula 1 \u2013 5\/12<br \/>\nExerc\u00edcios<\/p>\n<p>Aula 2 \u2013 8\/12<br \/>\nSegunda Prova<\/p>\n<p>Prova SUB 12\/12<\/p>\n<p>Prova REC &#8211; 18\/12<\/p>\n","protected":false},"excerpt":{"rendered":"<p>CRONOGRAMA SUGERIDO Consulte o professor da sua turma para saber se ele adotar\u00e1 ou n\u00e3o esse cronograma. Semana 1 Aula 1 \u2013 22\/09&#8230;<\/p>\n","protected":false},"author":1,"featured_media":0,"parent":8,"menu_order":0,"comment_status":"closed","ping_status":"open","template":"","meta":{"_mi_skip_tracking":false},"_links":{"self":[{"href":"https:\/\/gradmat.ufabc.edu.br\/disciplinas\/ipe\/wp-json\/wp\/v2\/pages\/16"}],"collection":[{"href":"https:\/\/gradmat.ufabc.edu.br\/disciplinas\/ipe\/wp-json\/wp\/v2\/pages"}],"about":[{"href":"https:\/\/gradmat.ufabc.edu.br\/disciplinas\/ipe\/wp-json\/wp\/v2\/types\/page"}],"author":[{"embeddable":true,"href":"https:\/\/gradmat.ufabc.edu.br\/disciplinas\/ipe\/wp-json\/wp\/v2\/users\/1"}],"replies":[{"embeddable":true,"href":"https:\/\/gradmat.ufabc.edu.br\/disciplinas\/ipe\/wp-json\/wp\/v2\/comments?post=16"}],"version-history":[{"count":17,"href":"https:\/\/gradmat.ufabc.edu.br\/disciplinas\/ipe\/wp-json\/wp\/v2\/pages\/16\/revisions"}],"predecessor-version":[{"id":292,"href":"https:\/\/gradmat.ufabc.edu.br\/disciplinas\/ipe\/wp-json\/wp\/v2\/pages\/16\/revisions\/292"}],"up":[{"embeddable":true,"href":"https:\/\/gradmat.ufabc.edu.br\/disciplinas\/ipe\/wp-json\/wp\/v2\/pages\/8"}],"wp:attachment":[{"href":"https:\/\/gradmat.ufabc.edu.br\/disciplinas\/ipe\/wp-json\/wp\/v2\/media?parent=16"}],"curies":[{"name":"wp","href":"https:\/\/api.w.org\/{rel}","templated":true}]}}