

{"id":2,"date":"2013-01-18T20:28:09","date_gmt":"2013-01-18T20:28:09","guid":{"rendered":"http:\/\/gradmat.ufabc.edu.br\/disciplinas\/ipe\/?page_id=2"},"modified":"2021-05-20T18:45:38","modified_gmt":"2021-05-20T18:45:38","slug":"sample-page","status":"publish","type":"page","link":"https:\/\/gradmat.ufabc.edu.br\/disciplinas\/ipe\/","title":{"rendered":"In\u00edcio"},"content":{"rendered":"<h1>Introdu\u00e7\u00e3o \u00e0 Probabilidade e \u00e0 Estat\u00edstica<\/h1>\n<div class=\"text_exposed_show\"><b><img decoding=\"async\" loading=\"lazy\" class=\"alignright\" src=\"http:\/\/gradmat.ufabc.edu.br\/disciplinas\/imagens\/Dado3.jpg\" alt=\"\" width=\"212\" height=\"131\" \/><\/b>Esta p\u00e1gina tem por objetivo servir de apoio aos estudantes da disciplina <em>BIN0406-15 &#8211; Introdu\u00e7\u00e3o \u00e0 Probabilidade e \u00e0 Estat\u00edstica<\/em>. Aqui voc\u00ea encontrar\u00e1 listas de exerc\u00edcios, assim como outras informa\u00e7\u00f5es \u00fateis. Clicando no link de cada professor, quando dispon\u00edvel, voc\u00ea poder\u00e1 encontrar informa\u00e7\u00f5es espec\u00edficas de cada\u00a0turma.<\/div>\n<h2>DISCIPLINAS PR\u00c9VIAS RECOMENDADAS:<\/h2>\n<p>Veja o grafo de<a href=\"http:\/\/gradmat.ufabc.edu.br\/disciplinas\/wp-content\/uploads\/2013\/01\/recomendacoes2.pdf\" target=\"_blank\" rel=\"noopener noreferrer\">\u00a0recomenda\u00e7\u00f5es<\/a><\/p>\n<ul>\n<li><a title=\"Bases Matem\u00e1ticas\" href=\"http:\/\/gradmat.ufabc.edu.br\/disciplinas\/bm\" target=\"_blank\" rel=\"noopener noreferrer\">Bases Matem\u00e1ticas<\/a><\/li>\n<li><a title=\"Fun\u00e7\u00f5es de uma Vari\u00e1vel\" href=\"http:\/\/gradmat.ufabc.edu.br\/disciplinas\/fuv\/\" target=\"_blank\" rel=\"noopener noreferrer\">Fun\u00e7\u00f5es de uma Vari\u00e1vel <\/a><\/li>\n<\/ul>\n<h1>Curso no Moodle:<\/h1>\n<ul>\n<li>P\u00e1gina\u00a0<a href=\"https:\/\/moodle.ufabc.edu.br\/\">https:\/\/moodle.ufabc.edu.br\/<\/a>\u00a0usu\u00e1rio e senha do email institucional.<\/li>\n<\/ul>\n<h2><span style=\"font-size: 1.285714286rem;line-height: 1.6\">OBJETIVOS<\/span><\/h2>\n<p>Introduzir os conceitos essenciais da teoria de probabilidade e suas implica\u00e7\u00f5es na estat\u00edstica.<\/p>\n<h2>COMPET\u00caNCIAS:<\/h2>\n<ul>\n<li>Capacidade de resolver problemas simples de Probabilidade.<\/li>\n<li>Compreender conceito da vari\u00e1vel aleat\u00f3ria e a calcular probabilidades de experimentos probabil\u00edsticos que seguem as distribui\u00e7\u00f5es binomial, de Poisson, normal e exponencial.<\/li>\n<li>Compreender o teorema do limite central e ser capaz de utiliz\u00e1-lo nas aplica\u00e7\u00f5es estat\u00edsticas: constru\u00e7\u00e3o de intervalos de confian\u00e7a, etc.<\/li>\n<li>Adquirir conceitos b\u00e1sicos em estat\u00edstica para an\u00e1lise e interpreta\u00e7\u00e3o de conjuntos de dados experimentais.<\/li>\n<\/ul>\n<h2>EMENTA:<\/h2>\n<p align=\"JUSTIFY\">Princ\u00edpios b\u00e1sicos de an\u00e1lise combinat\u00f3ria. Defini\u00e7\u00e3o de probabilidade. Probabilidade condicional e independ\u00eancia. Vari\u00e1veis aleat\u00f3rias. Fun\u00e7\u00f5es distribui\u00e7\u00e3o de probabilidades discretas e cont\u00ednuas. Principais distribui\u00e7\u00f5es: de Bernoulli, binomial, de Poisson, geom\u00e9trica, uniforme, exponencial, normal. Vari\u00e1veis Aleat\u00f3rias Independentes. Valor m\u00e9dio e vari\u00e2ncias. Estat\u00edstica descritiva: estimadores de posi\u00e7\u00e3o e dispers\u00e3o. Lei fraca dos Grandes n\u00fameros. Teorema Central do Limite.<\/p>\n<h2>BIBLIOGRAFIA<\/h2>\n<ul>\n<li>ROSS, S. M.<b>\u00a0<strong>PROBABILIDADE: UM CURSO MODERNO COM APLICA\u00c7OES<\/strong><\/b><\/li>\n<li><a href=\"https:\/\/www.google.com.br\/search?hl=pt-BR&amp;tbo=p&amp;tbm=bks&amp;q=inauthor:%22Sheldon+M.+Ross%22\">(ROSS S.M. <strong>A first Course in Probability<\/strong>, Prentice Hall 2010)<\/a><b><br \/>\n<\/b><\/li>\n<li>DANTAS, C.. <b>Probabilidade: <\/b>Um curso Introdut\u00f3rio. 3 ed. rev.. S\u00e3o Paulo: EdUSP, 2008.<\/li>\n<li>MEYER, P.L. Probabilidade: Aplica\u00e7\u00f5es \u00e0 Estat\u00edstica: 2 ed. Rio de Janeiro: Livros T\u00e9cnicos e Cient\u00edficos, 1983<\/li>\n<li><a href=\"http:\/\/vfu.bg\/en\/e-Learning\/Math--Bertsekas_Tsitsiklis_Introduction_to_probability.pdf\">BERTSEKAS<\/a><a href=\"http:\/\/vfu.bg\/en\/e-Learning\/Math--Bertsekas_Tsitsiklis_Introduction_to_probability.pdf\">, Dimitri P; Tsitsiklis, John N. <b>Introduction to Probability. <\/b>2\u00aa. ed. Belmont, Mass: Athena Scientific. ISBN 9781886529236. <\/a><\/li>\n<li>BUSSAB, W.; Morettin, P. <b>Estat\u00edstica b\u00e1sica. <\/b>5.ed. S\u00e3o Paulo: Saraiva, 2006. ISBN 9788502034979.<\/li>\n<li><a href=\"http:\/\/www.math.uiuc.edu\/%7Er-ash\/BPT\/BPT.pdf\">ASH R. <strong>Basic Probability Theory<\/strong>,\u00a0 <\/a>(Aviso 87mb!)<\/li>\n<li>Matem\u00e1tica Discreta\u00a0<a href=\"http:\/\/aleph0.info\/cursos\/md\/notas\/md.pdf\">http:\/\/aleph0.info\/cursos\/md\/notas\/md.pdf<\/a><\/li>\n<\/ul>\n<h2><b>BiBLIOGRAFIA COMPLEMENTAR\u00a0<\/b><\/h2>\n<ul>\n<li>LARSON, Ron; FARBER, Betsy.<b> Estat\u00edstica aplicada.<\/b> 2.ed. S\u00e3o Paulo: Pearson Prentice Hall, 2004. ISBN 8587918591.<\/li>\n<li><a href=\"http:\/\/www.cis.temple.edu\/%7Elatecki\/Courses\/CIS2033-Spring12\/A_modern_intro_probability_statistics_Dekking05.pdf\">F.M. Dekking C. Kraaikamp, H.P. Lopuhaa L.E. Meester <strong>A Modern Introduction to Probability and Statistics\u00a0<\/strong><\/a><\/li>\n<li>MORETTIN, LUIZ GONZAGA .<b> Estatistica basica: probabilidade e infer\u00eancia<\/b>. S\u00e3o Paulo: Pearson, 2010. ISBN 9788576053705.<\/li>\n<li><a href=\"http:\/\/books.google.com.br\/books?id=safNnEOICL8C&amp;printsec=frontcover&amp;hl=pt-BR&amp;source=gbs_ge_summary_r&amp;cad=0#v=onepage&amp;q&amp;f=false\">CHUNG Elementary Probability Theory: With Stochastic Processes and an Introduction to Mathematical Finance, Springer<\/a><\/li>\n<li>DEGROOT, Morris H., <b>Schervish,<\/b> Mark J..<b> Probability and statistics<\/b>. 3.ed. Boston: Addison Wesley, c2002. ISBN 020152488-0.<\/li>\n<li>DURRET, R. <strong>Elementary Probability for Applications <\/strong>Cambridge 2009;<\/li>\n<\/ul>\n","protected":false},"excerpt":{"rendered":"<p>Introdu\u00e7\u00e3o \u00e0 Probabilidade e \u00e0 Estat\u00edstica Esta p\u00e1gina tem por objetivo servir de apoio aos estudantes da disciplina BIN0406-15 &#8211; Introdu\u00e7\u00e3o \u00e0 Probabilidade&#8230;<\/p>\n","protected":false},"author":1,"featured_media":0,"parent":0,"menu_order":0,"comment_status":"closed","ping_status":"open","template":"","meta":{"_mi_skip_tracking":false},"_links":{"self":[{"href":"https:\/\/gradmat.ufabc.edu.br\/disciplinas\/ipe\/wp-json\/wp\/v2\/pages\/2"}],"collection":[{"href":"https:\/\/gradmat.ufabc.edu.br\/disciplinas\/ipe\/wp-json\/wp\/v2\/pages"}],"about":[{"href":"https:\/\/gradmat.ufabc.edu.br\/disciplinas\/ipe\/wp-json\/wp\/v2\/types\/page"}],"author":[{"embeddable":true,"href":"https:\/\/gradmat.ufabc.edu.br\/disciplinas\/ipe\/wp-json\/wp\/v2\/users\/1"}],"replies":[{"embeddable":true,"href":"https:\/\/gradmat.ufabc.edu.br\/disciplinas\/ipe\/wp-json\/wp\/v2\/comments?post=2"}],"version-history":[{"count":32,"href":"https:\/\/gradmat.ufabc.edu.br\/disciplinas\/ipe\/wp-json\/wp\/v2\/pages\/2\/revisions"}],"predecessor-version":[{"id":320,"href":"https:\/\/gradmat.ufabc.edu.br\/disciplinas\/ipe\/wp-json\/wp\/v2\/pages\/2\/revisions\/320"}],"wp:attachment":[{"href":"https:\/\/gradmat.ufabc.edu.br\/disciplinas\/ipe\/wp-json\/wp\/v2\/media?parent=2"}],"curies":[{"name":"wp","href":"https:\/\/api.w.org\/{rel}","templated":true}]}}