

{"id":2,"date":"2013-01-18T19:58:47","date_gmt":"2013-01-18T19:58:47","guid":{"rendered":"http:\/\/gradmat.ufabc.edu.br\/disciplinas\/?page_id=2"},"modified":"2024-03-04T23:07:04","modified_gmt":"2024-03-04T23:07:04","slug":"sample-page","status":"publish","type":"page","link":"https:\/\/gradmat.ufabc.edu.br\/disciplinas\/","title":{"rendered":"P\u00e1ginas de Disciplinas"},"content":{"rendered":"<h1><span style=\"font-size: 1.5rem; line-height: 1.5;\">Disciplinas Obrigat\u00f3rias de Cursos Interdisciplinares de Ingresso<br \/>\n<\/span><\/h1>\n<ul>\n<li><a title=\"P\u00e1gina de Bases Matem\u00e1ticas - BM - UFABC\" href=\"http:\/\/gradmat.ufabc.edu.br\/disciplinas\/bm\" target=\"_blank\" rel=\"noopener noreferrer\">Bases Matem\u00e1ticas<\/a><\/li>\n<li><a title=\"P\u00e1gina de Fun\u00e7\u00f5es de uma Vari\u00e1vel -UFABC\" href=\"http:\/\/gradmat.ufabc.edu.br\/disciplinas\/fuv\/\" target=\"_blank\" rel=\"noopener noreferrer\">Fun\u00e7\u00f5es de uma Vari\u00e1vel<\/a><\/li>\n<li><a title=\"P\u00e1gina de Geometria Anal\u00edtica GA UFABC\" href=\"http:\/\/gradmat.ufabc.edu.br\/disciplinas\/ga\" target=\"_blank\" rel=\"noopener noreferrer\">Geometria Anal\u00edtica<\/a><\/li>\n<li><a href=\"http:\/\/gradmat.ufabc.edu.br\/disciplinas\/iedo\/\">Introdu\u00e7\u00e3o \u00e0s Equa\u00e7\u00f5es Diferenciais Ordin\u00e1rias<\/a><\/li>\n<li><a title=\"P\u00e1gina de Fun\u00e7\u00f5es de V\u00e1rias Vari\u00e1veis - FVV - UFABC\" href=\"http:\/\/gradmat.ufabc.edu.br\/disciplinas\/fvv\/\" target=\"_blank\" rel=\"noopener noreferrer\">Fun\u00e7\u00f5es de V\u00e1rias Vari\u00e1veis<\/a><\/li>\n<li><a title=\"P\u00e1gina de Introdu\u00e7\u00e3o \u00e0 Probabilidade e Estat\u00edstica\" href=\"http:\/\/gradmat.ufabc.edu.br\/disciplinas\/ipe\/\" target=\"_blank\" rel=\"noopener noreferrer\">Introdu\u00e7\u00e3o a Probabilidade e Estat\u00edstica<\/a><\/li>\n<\/ul>\n<h1><span style=\"font-size: 1.5rem; line-height: 1.5;\">Disciplinas Obrigat\u00f3rias para Diversos Cursos da UFABC<\/span><\/h1>\n<ul>\n<li><a href=\"http:\/\/gradmat.ufabc.edu.br\/disciplinas\/alglin\/\">\u00c1lgebra\u00a0Linear<\/a><\/li>\n<li><a href=\"http:\/\/gradmat.ufabc.edu.br\/disciplinas\/cp\/\">C\u00e1lculo de Probabilidade<\/a><\/li>\n<li><a href=\"http:\/\/gradmat.ufabc.edu.br\/disciplinas\/numerico\/\">C\u00e1lculo Num\u00e9rico<\/a><\/li>\n<li><a href=\"http:\/\/gradmat.ufabc.edu.br\/disciplinas\/cvt\/\">C\u00e1lculo Vetorial e Tensorial<\/a><\/li>\n<\/ul>\n<h1>Recomenda\u00e7\u00f5es entre as Disciplinas<\/h1>\n<ul>\n<li>Veja o grafo de\u00a0<a href=\"http:\/\/gradmat.ufabc.edu.br\/disciplinas\/wp-content\/uploads\/2013\/01\/recomendacoes2.pdf\">Recomenda\u00e7\u00f5es<\/a><\/li>\n<\/ul>\n<h1>Outras Informa\u00e7\u00f5es \u00dateis:<\/h1>\n<ul>\n<li><a href=\"https:\/\/prograd.ufabc.edu.br\/catalogos-de-disciplinas\">Cat\u00e1logo de disciplinas da UFABC<\/a><\/li>\n<\/ul>\n<h2>Notas de Aulas e Livros:<\/h2>\n<ul>\n<li><a href=\"http:\/\/gradmat.ufabc.edu.br\/index.php\/notas-de-aulas\"><span style=\"line-height: 13.993056297302246px;\">Notas de Aulas e Livros<\/span><\/a><\/li>\n<\/ul>\n","protected":false},"excerpt":{"rendered":"<p>Disciplinas Obrigat\u00f3rias de Cursos Interdisciplinares de Ingresso Bases Matem\u00e1ticas Fun\u00e7\u00f5es de uma Vari\u00e1vel Geometria Anal\u00edtica Introdu\u00e7\u00e3o \u00e0s Equa\u00e7\u00f5es Diferenciais Ordin\u00e1rias Fun\u00e7\u00f5es de V\u00e1rias&#8230;<\/p>\n","protected":false},"author":1,"featured_media":0,"parent":0,"menu_order":0,"comment_status":"closed","ping_status":"closed","template":"","meta":{"_mi_skip_tracking":false},"_links":{"self":[{"href":"https:\/\/gradmat.ufabc.edu.br\/disciplinas\/wp-json\/wp\/v2\/pages\/2"}],"collection":[{"href":"https:\/\/gradmat.ufabc.edu.br\/disciplinas\/wp-json\/wp\/v2\/pages"}],"about":[{"href":"https:\/\/gradmat.ufabc.edu.br\/disciplinas\/wp-json\/wp\/v2\/types\/page"}],"author":[{"embeddable":true,"href":"https:\/\/gradmat.ufabc.edu.br\/disciplinas\/wp-json\/wp\/v2\/users\/1"}],"replies":[{"embeddable":true,"href":"https:\/\/gradmat.ufabc.edu.br\/disciplinas\/wp-json\/wp\/v2\/comments?post=2"}],"version-history":[{"count":36,"href":"https:\/\/gradmat.ufabc.edu.br\/disciplinas\/wp-json\/wp\/v2\/pages\/2\/revisions"}],"predecessor-version":[{"id":124,"href":"https:\/\/gradmat.ufabc.edu.br\/disciplinas\/wp-json\/wp\/v2\/pages\/2\/revisions\/124"}],"wp:attachment":[{"href":"https:\/\/gradmat.ufabc.edu.br\/disciplinas\/wp-json\/wp\/v2\/media?parent=2"}],"curies":[{"name":"wp","href":"https:\/\/api.w.org\/{rel}","templated":true}]}}